ate the highest common factor of 664658 and 38.
38
Calculate the highest common divisor of 15213 and 2244.
33
What is the greatest common factor of 285 and 74765?
95
Calculate the greatest common divisor of 7198 and 610.
122
Calculate the greatest common factor of 1404 and 754.
26
What is the highest common divisor of 126 and 66465?
63
What is the greatest common divisor of 30369 and 2597?
53
What is the greatest common divisor of 22491 and 39151?
833
What is the highest common factor of 33032 and 8?
8
What is the greatest common divisor of 411136 and 660?
44
What is the greatest common factor of 389152 and 32?
32
What is the greatest common factor of 36472 and 517?
47
What is the highest common divisor of 10621 and 481?
13
Calculate the greatest common factor of 3769 and 3.
1
What is the greatest common factor of 178584 and 1344?
168
Calculate the greatest common divisor of 1197270 and 225.
45
Calculate the greatest common divisor of 1105 and 76075.
85
Calculate the highest common factor of 12580 and 5780.
340
Calculate the highest common factor of 84042 and 3248.
406
What is the highest common divisor of 910543 and 1569?
523
What is the highest common factor of 2691034 and 1186?
1186
What is the highest common divisor of 331432 and 1088?
136
What is the greatest common factor of 423 and 36895?
47
What is the greatest common factor of 8976 and 123114?
102
What is the greatest common factor of 229169 and 303?
101
Calculate the greatest common divisor of 7731 and 63.
9
What is the greatest common divisor of 5648 and 75542?
706
Calculate the highest common divisor of 6 and 164628.
6
What is the highest common divisor of 468 and 21372?
156
Calculate the greatest common factor of 15860 and 17263.
61
What is the highest common factor of 519448 and 232?
232
Calculate the greatest common divisor of 390 and 1830.
30
What is the highest common factor of 680 and 6960?
40
Calculate the highest common factor of 149886 and 22.
22
Calculate the highest common divisor of 4 and 643.
1
What is the highest common factor of 646969 and 969?
323
Calculate the greatest common factor of 764218 and 153.
17
Calculate the highest common factor of 589 and 419027.
31
Calculate the highest common divisor of 19388 and 15851.
131
Calculate the greatest common factor of 500 and 50900.
100
What is the highest common factor of 31248 and 180?
36
What is the highest common divisor of 1485964 and 6?
2
Calculate the greatest common divisor of 34047 and 1053.
351
What is the greatest common factor of 24030 and 378?
54
What is the greatest common factor of 622 and 139017?
311
Calculate the greatest common factor of 3729 and 97971.
339
What is the highest common divisor of 343 and 51793?
343
Calculate the highest common factor of 11267 and 186795.
593
Calculate the highest common divisor of 2439827 and 767.
767
Calculate the greatest common divisor of 192 and 4088904.
24
What is the highest common factor of 204168 and 96?
24
What is the highest common factor of 5634 and 39751?
313
What is the highest common divisor of 4 and 119993?
1
Calculate the highest common divisor of 99 and 1629693.
9
Calculate the greatest common divisor of 303110 and 340.
170
Calculate the highest common factor of 6784 and 2432.
128
Calculate the highest common divisor of 14330 and 30.
10
What is the highest common factor of 440 and 6094?
22
What is the highest common factor of 2107 and 241619?
49
What is the highest common divisor of 85 and 1285285?
85
What is the highest common factor of 105 and 185619?
21
Calculate the greatest common divisor of 37 and 14689.
37
Calculate the highest common factor of 186 and 51522.
186
Calculate the highest common divisor of 21 and 163044.
21
What is the highest common divisor of 18261 and 1233?
9
Calculate the highest common factor of 15210 and 630.
90
Calculate the greatest common divisor of 159914 and 296.
74
What is the highest common divisor of 256074 and 7007?
637
Calculate the highest common divisor of 129970 and 615.
205
Calculate the highest common factor of 145 and 421805.
145
What is the greatest common factor of 313714 and 2724?
454
What is the greatest common factor of 484 and 704?
44
What is the greatest common divisor of 57616 and 8?
8
Calculate the greatest common factor of 125264 and 128.
16
What is the greatest common factor of 2728 and 534347?
341
Calculate the highest common divisor of 415512 and 37611.
1791
What is the highest common factor of 207480 and 133?
133
What is the greatest common factor of 888 and 1782?
6
What is the greatest common factor of 26244 and 36?
36
Calculate the highest common divisor of 314 and 5421053.
157
What is the highest common divisor of 8424 and 24?
24
Calculate the highest common factor of 365120 and 910.
70
Calculate the highest common divisor of 40775 and 241388.
1631
What is the greatest common divisor of 48139 and 14?
7
What is the highest common divisor of 22458 and 114?
114
What is the greatest common factor of 9500 and 34770?
190
What is the highest common factor of 23 and 50301?
23
Calculate the greatest common factor of 165 and 90563.
11
Calculate the highest common factor of 48144 and 8976.
816
Calculate the highest common divisor of 95 and 6080.
95
What is the highest common divisor of 2325 and 419337?
93
What is the highest common divisor of 14 and 8414?
14
What is the greatest common divisor of 9 and 825?
3
Calculate the highest common divisor of 77225 and 50.
25
Calculate the highest common factor of 2249 and 5213.
13
Calculate the highest common factor of 409023 and 27.
27
Calculate the highest common divisor of 560 and 53480.
280
What is the highest common divisor of 54057 and 333?
111
What is the highest common factor of 65518 and 82?
82
What is the greatest common factor of 315 and 52500?
105
What is the highest common factor of 223121 and 347?
347
Calculate the greatest common factor of 9 and 31944.
3
What is the highest common divisor of 112 and 209552?
112
What is the greatest common divisor of 32874 and 30?
6
What is the greatest common divisor of 2588 and 555773?
647
What is the highest common factor of 740922 and 36777?
897
What is the highest common divisor of 75 and 521310?
15
What is the greatest common divisor of 46 and 2553?
23
Calculate the greatest common divisor of 140509 and 71.
71
Calculate the greatest common divisor of 685512 and 396.
36
Calculate the highest common factor of 835 and 295.
5
What is the highest common divisor of 1134 and 98?
14
What is the highest common divisor of 92471 and 445?
89
What is the highest common factor of 8428 and 196?
196
Calculate the highest common divisor of 1012032 and 96.
96
What is the highest common divisor of 26808 and 96?
24
Calculate the highest common divisor of 3766 and 4942.
14
What is the greatest common factor of 495 and 21555?
45
Calculate the greatest common divisor of 14273 and 7.
7
Calculate the greatest common factor of 100576 and 672.
224
What is the highest common divisor of 6226 and 59430?
566
What is the highest common divisor of 5 and 387755?
5
Calculate the greatest common divisor of 609 and 15358371.
609
Calculate the greatest common factor of 434 and 58310.
14
What is the highest common factor of 49296 and 25596?
948
Calculate the greatest common divisor of 17776 and 20.
4
What is the greatest common divisor of 79 and 104833?
79
Calculate the greatest common divisor of 543 and 195299.
181
Calculate the greatest common divisor of 5 and 1168855.
5
Calculate the highest common factor of 3236 and 1112.
4
Calculate the highest common factor of 202 and 1203112.
202
What is the greatest common factor of 24 and 192384?
24
What is the highest common factor of 17372452 and 23?
23
What is the greatest common factor of 429544 and 4?
4
What is the highest common factor of 1920 and 349824?
384
Calculate the highest common factor of 3520 and 3808.
32
What is the greatest common factor of 314 and 26533?
157
What is the highest common factor of 30 and 2780?
10
Calculate the greatest common divisor of 4057044 and 636.
636
Calculate the highest common factor of 775966 and 82.
82
What is the highest common factor of 5354 and 2?
2
What is the highest common factor of 47131 and 35?
7
What is the greatest common divisor of 111291 and 3?
3
Calcul